greatest common divisor of r and g?
21
Suppose 5*y = 10 - 25. Let k be (y + -8)/(-3 + 2). Suppose 0*h = h - 22. What is the greatest common divisor of h and k?
11
Suppose 0 = 31*t - 1700 - 2516. What is the greatest common factor of t and 340?
68
Let g be (-1)/(0/(-11) - (-3)/(-3162)). What is the highest common factor of g and 34?
34
Let j = 105 - 35. Let l be 11 + -1*(4 - 7). Suppose 56 = 4*h - c, -4*c + c + l = h. What is the greatest common divisor of h and j?
14
Let g be 3*(-4)/16 + (-23)/(-4). Calculate the highest common divisor of 75 and g.
5
Suppose 234*s - 9405 = 229*s. What is the highest common divisor of 11 and s?
11
Suppose 3*q = -2*f - q + 120, 0 = -3*f + 3*q + 162. Calculate the highest common divisor of f and 77.
7
Let n = -22 - -22. Suppose -3*b + 2*k + 422 = -n*b, 5*b + 4*k = 674. Suppose -19*h = -21*h + b. What is the highest common factor of h and 23?
23
Suppose 0 = 4*c - 12 - 12. Suppose 71 = 3*q - c*z + z, 4*q + 3*z = 56. Let t be 4059/36 + 6 - 2/(-8). What is the greatest common divisor of q and t?
17
Let m(k) = 3*k**2 + 2*k - 2. Let j be m(2). Suppose 5*z - 46 - j = 0. Let l be (5 - 1)*42/z. Calculate the highest common divisor of l and 14.
14
Let s(f) = 14*f + 37. Let q(z) = 29*z + 75. Let c(d) = 4*q(d) - 9*s(d). Let p be c(-11). What is the greatest common divisor of p and 22?
11
Suppose -4*t - 8 = -z - 68, 4*z - 16 = 0. What is the greatest common divisor of 88 and t?
8
Suppose -36*s + 39*s = -102. Let w = s - -40. Suppose -4*a + 8*f - 3*f + 167 = 0, 58 = a + 2*f. What is the greatest common divisor of w and a?
6
Let u be 4 - -17 - 5/(-3)*-3. Calculate the highest common divisor of u and 80.
16
Suppose 14*i - 174 = -15*i. Suppose a = 6*a - 5*v - 220, -12 = 4*v. Suppose 4*d - 79 = a. What is the highest common factor of i and d?
6
Let h(a) = 6*a**3 + 6*a**2 - 5*a + 6. Let j be h(3). Let u(g) = -3*g + 8. Let w be u(-5). Calculate the greatest common divisor of w and j.
23
Suppose -2193 = -4*f + 3*h, 36*h = -4*f + 35*h + 2181. Calculate the greatest common factor of 156 and f.
78
Let p(o) = 2*o**3 - 7*o**2 - 18*o - 5. Let r be p(7). Calculate the highest common divisor of r and 4.
4
Let f(w) = w**2 - w + 20. Let g be f(0). Let i(z) = -2*z**3 - 2*z**2 + z + 4. Let d be i(-2). Calculate the highest common factor of g and d.
10
Let y(i) = i**2 - i - 38. Let k be y(9). What is the highest common factor of 2 and k?
2
Let t = -366 - -526. Let f = 11 + -6. Suppose t = -0*u + f*u. What is the greatest common factor of u and 4?
4
Let k be (1*-66)/(-3) - 2. Calculate the highest common divisor of 40 and k.
20
Let j = 65 - -117. Calculate the greatest common factor of 13 and j.
13
Let x(m) = m + 2*m**2 + 6*m**2 + 7*m**2 - 3*m**2. Suppose -5*l + 2*l = 3. Let g be x(l). Calculate the greatest common factor of 11 and g.
11
Suppose 2*f = -4*y - 16, 6*f - 3*y - 23 = 2*f. Let h be (-136)/f*3/(-12). Calculate the highest common factor of 51 and h.
17
Suppose -3*d + 2*o + 136 = 0, -4*o = 5*d - 6*o - 220. Let f = 189 - 84. What is the greatest common divisor of d and f?
21
Suppose 3*v - 2*x = 6 + 11, 4*v - 4*x = 16. Let j(g) = -v + g + 11 + 14 - g**2. Let b be j(0). Calculate the greatest common divisor of 4 and b.
4
Let z be (-4)/(-3)*(711/6 - 3). Calculate the highest common divisor of z and 385.
77
Suppose -6*m + 17 + 31 = 0. What is the greatest common factor of 20 and m?
4
Suppose m = 6*m - 2*g - 206, -3*m - g + 117 = 0. Suppose -41 = -5*d + 109. What is the greatest common divisor of m and d?
10
Suppose -3 - 17 = -5*g. Suppose -4*y = h - 0*y - 32, -g*h + 4*y + 28 = 0. Calculate the highest common divisor of 3 and h.
3
Let i be -1 - 150/(-15) - -96. Let g(b) = 22*b + 4. Let l be g(3). Calculate the greatest common factor of l and i.
35
Suppose 3*u = 63 + 12. Let c = 5 - 17. Let s = u + c. What is the greatest common factor of s and 117?
13
Let g(v) = 0 - 6 + 10 - 17 - 11*v. Let h be g(-8). Let y = h + -51. Calculate the greatest common divisor of y and 60.
12
Let k = -37 + 40. Let p be k/(-4) - (-993)/12. What is the highest common factor of 123 and p?
41
Suppose -5*h = 2*f + f - 110, -110 = -5*h + 2*f. Calculate the highest common divisor of h and 11.
11
Let v be (8/(-6))/((-8)/(-612)). Let j = v + 143. What is the highest common factor of j and 123?
41
Suppose 4*u + 2*n + 70 = 258, 3*u + 2*n - 139 = 0. What is the highest common factor of u and 245?
49
Let q be (-5598)/(-25) - (272/200)/(-17). Calculate the highest common divisor of q and 8.
8
Let a be (-2)/(-14) - (-3)/(-21). Suppose a*w + 288 = 3*w. Let h be (w/15)/((-2)/(-20)). Calculate the highest common divisor of 160 and h.
32
Let q be 3693/15 + (-36)/(-20) + -1. What is the greatest common factor of q and 38?
19
Suppose -k + 19 + 0 = 0. What is the greatest common factor of 38 and k?
19
Suppose -a + 10 = a. Suppose -16 = -h - 1. Calculate the greatest common factor of h and a.
5
Suppose -9 - 69 = -4*o + 2*s, -2*o - 5*s + 69 = 0. Let u be ((-2)/3)/((-2)/66). What is the greatest common factor of u and o?
22
Suppose 5*y + y = 138. Let b = -21 + y. What is the greatest common divisor of 26 and b?
2
Suppose -4*r - 1 = 5*h - 3, 4*h + 3*r - 2 = 0. Suppose -9*i - h = -10*i. Calculate the greatest common factor of 3 and i.
1
Let l = -12 - -21. Let f = 21 + 5. Suppose f = j + 8. Calculate the greatest common factor of j and l.
9
Let h = -20 + 35. Suppose -5*v = -h, 0 = -4*j - v + 5*v + 120. What is the highest common divisor of 198 and j?
33
Let h be -12 + -2*2/4. Let s = -2 - h. Calculate the highest common factor of 143 and s.
11
Suppose -5*a = -a - 36. Let n(z) = -25. Let k(y) = -y**2 + y + 76. Let v(c) = -2*k(c) - 7*n(c). Let h be v(5). What is the highest common factor of h and a?
9
Let f(r) = -2*r + 12. Let n be f(6). Let j be (n + 18/15)/(6/400). Let g(c) = -3*c + 1. Let l be g(-3). Calculate the highest common factor of j and l.
10
Suppose -931 = -5*x - 121. Let i be ((-6)/(-4))/((-33)/(-66)). Let t = 21 - i. Calculate the highest common factor of t and x.
18
Let d = -147 + 2770. What is the greatest common divisor of d and 43?
43
Let m(k) = -5*k + 2. Let n be m(-4). Suppose 0 = -5*s + n + 208. Suppose -2*h - 2*h + 101 = 3*x, -h + 11 = -4*x. What is the highest common factor of h and s?
23
Let v(r) = 3*r**2 - 4*r + 13. Let a be v(-4). Let s(k) = -2*k - 1. Let p be s(-4). What is the highest common factor of a and p?
7
Suppose 3*b - 14 = 4*z, -b + 0*b + 12 = -5*z. Let i be (-11)/b*20*(-168)/105. Calculate the greatest common divisor of i and 16.
16
Suppose -46 - 40 = -3*g + 4*i, -5*g = -2*i - 134. Let h = 31 - g. Calculate the highest common divisor of 20 and h.
5
Let t = 5 + 23. Let h = -6 + t. What is the highest common factor of 110 and h?
22
Suppose 7 - 27 = -4*u. Suppose 1 = -n + 3*c, u*n + c = 13 + 30. Let q be -29 + 20 + 21/1. What is the greatest common factor of q and n?
4
Let n be (6/7)/(6/84). Let g(k) = k**2 - 2*k - 3. Let b be g(3). Suppose -j + 2*j - 36 = b. Calculate the highest common divisor of n and j.
12
Let z = -51 - -87. Let v = z - 33. Calculate the highest common divisor of 12 and v.
3
Let v = -4 + 7. Suppose v*s - 17 = 106. Let o be 5/(-10) + s/2. What is the highest common factor of 10 and o?
10
Let k(s) = -2*s**3 - 16*s**2 - 3*s - 18. Let d be k(-8). Suppose 5*u + 5*c - 25 = 0, 14 = 4*c + d. What is the highest common factor of u and 4?
1
Let c(t) = t**2 - 2*t + 4. Let s be c(3). Let b = -731 + 794. What is the greatest common factor of b and s?
7
Let f be ((-700)/(-245))/(1/(14/4)). Let i(k) = k**2 - 5*k - 3. Let h be i(6). Suppose 0 = -h*t - t + 160. What is the highest common factor of f and t?
10
Suppose -5*i + 2*f + 275 = 0, 0*f + 10 = 2*f. Calculate the greatest common divisor of 38 and i.
19
Suppose 126 = 3*x - 9. Suppose -x = 4*i - 7*i. Calculate the highest common divisor of 3 and i.
3
Let a(g) = g**2 - 2*g - 11. Let r be a(0). Let q(j) = -5*j + 26. Let d be q(r). Calculate the greatest common factor of d and 9.
9
Let d be (-7 - 40/32)/((-3)/8). What is the highest common divisor of 154 and d?
22
Let s = -450 + 308. Let x = s - -275. Calculate the greatest common factor of x and 19.
19
Suppose -11*v = 586 + 107. Let b(c) = -c + 1. Let a be b(-5). Let u be 8/a*v/(-6). What is the highest common divisor of 14 and u?
14
Suppose 2*z + 243 =